t q(z) = z**2 - 2*z - 1. Let w be 2/(-4)*(6 - 4). Let v = w + 4. Give q(v).
2
Let u(k) = k**2 - 4. Suppose 0 = 3*p - 32 + 23. Give u(p).
5
Suppose -j = -2*j + 3. Let v(z) = z**2 - 1 - z + 3*z**2 - 6*z**j - 3*z**2. Calculate v(-1).
7
Let s(l) = l**2 - l + 4. Let t be s(0). Let n = -2 + 5. Let u(k) = -k + t + n - 2. Determine u(5).
0
Let s(w) = w**3 + 7*w**2 - w - 4. Let x be s(-7). Let o be 1*(x - (-2 - 0)). Let y(m) = -6 - m - m + m**2 - m. Calculate y(o).
4
Let s(j) = j**2 - 6*j - 4. Let u(i) = i**3 - 8*i**2 + 9*i - 7. Let c be u(7). Give s(c).
3
Let n(q) = -q**3 + 3*q**2 + q - 1. Let m be (-2)/(-8) - 492/(-16). Suppose -4*y = 5*i - m, -y + 9 - 20 = -5*i. Determine n(i).
2
Let a be ((-28)/5)/(2/(-5)). Suppose 0 = 4*c - 2 - a. Let f(y) = y**3 - 5*y**2 + 5*y - 1. What is f(c)?
3
Let m(u) = 11*u**2 - 3*u + 1. Let t(x) = 16*x**2 - 5*x + 2. Let g(v) = 7*m(v) - 5*t(v). What is g(3)?
-18
Suppose 18 = -3*s + 6*s. Let w(g) = g**3 - 5*g**2 - 6*g + 1. What is w(s)?
1
Let k be 6/(-15) - (-17)/5. Let g(b) = -8 - k*b + 19 - 10. Give g(-2).
7
Let l(c) be the first derivative of c**2/2 + 3. Let u(g) = -g**2 + 2*g - 1. Let j be u(2). Give l(j).
-1
Let g = -10 - -9. Let w(z) = z**3 + 2*z**2 - z - 1. Give w(g).
1
Let n(w) = -9*w + 1. Let h be ((-1)/(-2))/((-4)/(-40)). Suppose f - 6*f = h. Give n(f).
10
Let y(f) = -f**2 - 5*f - 6. Let o be y(-3). Let n(q) = -q**2 + q. Calculate n(o).
0
Let n(o) be the first derivative of o**6/360 + o**5/120 - o**4/8 + o**3/3 + 2. Let b(z) be the third derivative of n(z). Calculate b(0).
-3
Let h(z) = 2*z**2 - z + 1. Suppose s = -2*s + 120. Let q be 14/(-4)*s/(-70). Calculate h(q).
7
Let p(m) = -m**3 - m - 1. Let o(a) = -5*a**3 - 4*a**2 - 13*a - 5. Let s(q) = o(q) - 6*p(q). Let k = 23 - 18. Determine s(k).
-9
Let h(k) = 3*k - 1. Suppose 2*c + 0 = -2. Let r = c + 0. Give h(r).
-4
Let r be -2 - 0 - 5/(-1). Suppose 4*m + 5*c = 2*m, -c = r*m. Let l(o) be the third derivative of o**5/60 + o**4/24 - 7*o**3/6 - o**2. Give l(m).
-7
Let a be (-12)/15*5/(-2). Suppose -6*t = -a*t. Let f(v) be the second derivative of -v**4/12 - 3*v**2 - 2*v. Calculate f(t).
-6
Let v be ((-60)/16)/(1/4). Let z be v/1*(-2)/6. Let g(y) = y + 9. Let k(r) = -8. Let l(i) = 2*g(i) + 3*k(i). Calculate l(z).
4
Let a(h) = -2*h + 2 - 1 - 4*h - 4. Give a(-2).
9
Let z(w) = w. Suppose 0 = -2*k + 5*n - 26, 4*k - 5*n + n + 28 = 0. Let u be 17/(-6) - k/(-18). Let m(a) = a**2 - 4. Let o be m(u). What is z(o)?
5
Let y(x) = -2*x - 1 + 0*x**2 + x**2 + x**3 + 3*x + 0*x**2. Let i(m) = -m**3 - m**2 + 2*m. Let w be i(-2). Calculate y(w).
-1
Let l(y) = 6*y + 0*y + 5 - y. What is l(-4)?
-15
Suppose j + 0 = 4. Let m(x) be the second derivative of -x**4/12 + x**3/2 + x**2 + 4*x. Calculate m(j).
-2
Let o(m) be the first derivative of -5*m - 3 + 0*m**2 + 1/3*m**3. Calculate o(0).
-5
Let a be -1*(1 - 0)*3. Let m(h) = -5*h**3 + 2*h**2 - 7*h - 3. Let b(i) = -6*i**3 + 2*i**2 - 8*i - 3. Let f(y) = -6*b(y) + 7*m(y). Determine f(a).
-9
Let b(f) = -7*f**2 - 5*f + 18. Let w(t) = -6*t**2 - 4*t + 17. Let r(z) = -5*b(z) + 6*w(z). Suppose 0 = 2*y - 3*g - 15, 0 = -4*y + 2*g + 6 + 4. Give r(y).
12
Let a(g) be the first derivative of g**4/4 + g**2/2 + 17*g - 68. Determine a(0).
17
Let q = -22 + 17. Let h(g) = -g**2 - 4*g + 6. Calculate h(q).
1
Let n(t) = 15*t**2 + 2*t - 1. Suppose -15*c - 3 = -18*c. Give n(c).
16
Suppose -5*m + 3*q = 7*q - 51, 2*q - 8 = 0. Let u(c) = c**3 - 6*c**2 - 7*c - 6. Determine u(m).
-6
Suppose -h + 2*z + 14 = 0, -h + 22 = 4*h + 2*z. Let p(r) = 4*r**2 - 6*r + 2. Let o(y) = -5*y**2 + 6*y - 3. Let g(x) = h*p(x) + 5*o(x). What is g(-4)?
5
Let f(n) be the first derivative of n**4/6 - 2*n**3/3 + 3*n**2/2 - n - 3. Let d(l) be the first derivative of f(l). Determine d(2).
3
Let t(h) be the first derivative of h**4/4 + 2*h**3 + h**2/2 + 12. Let s(d) = -2*d**2 - 2*d - 2. Let v be s(-2). What is t(v)?
-6
Let v(t) = t + 7. Let k(n) be the second derivative of -n**4/12 - n**3 - 5*n**2 - 6*n. Let p be k(-5). Calculate v(p).
2
Let v(h) = 4*h + 3. Suppose -3*f + 3 = 4*b, -10*b = -14*b - 4*f. What is v(b)?
15
Let v(c) be the first derivative of -c**2/2 + 33. Determine v(-2).
2
Let c(q) be the third derivative of q**4/24 - 5*q**3/6 + 29*q**2. Calculate c(10).
5
Let j(z) = -2*z**2 + z - 1. Suppose 5 + 10 = -5*r. Let l be (-1)/(-4 - r)*1. Calculate j(l).
-2
Suppose -1 = -g - 3. Let r(v) = 1. Let i(s) = -s**2 + 5*s + 5. Let q(d) = g*r(d) + i(d). Determine q(6).
-3
Let l(b) be the first derivative of -b**4/4 + 2*b**3/3 - b**2/2 + 1. Let d be 0 - (-10 - (-3 + 3)). Let p = -8 + d. Give l(p).
-2
Let m(u) = -3 - 7 - u + 2. Determine m(-5).
-3
Let y = 127 + -125. Let o(i) be the first derivative of i**4/4 - i**3/3 - i**2 + 2. What is o(y)?
0
Let s(w) = 7 - 4 + 3*w**2 - 4*w**2. Let n be s(-3). Let r(d) be the second derivative of d**4/12 + d**3 - 2*d**2 + 9*d. Determine r(n).
-4
Let t(c) = 8 - 3 + c - 1 - 7. Calculate t(7).
4
Let h(o) be the third derivative of -o**8/6720 - o**7/2520 + o**6/240 + o**5/60 - o**4/24 + 2*o**2. Let f(d) be the second derivative of h(d). Determine f(-2).
0
Let z(g) be the second derivative of 3*g - 1/6*g**3 + g**2 + 0. Give z(0).
2
Suppose -l - b + 5 = -6, 2*b + 13 = 3*l. Let o = 2 - l. Let m(x) = 5*x - 6 + x - 7*x. Determine m(o).
-1
Suppose -d - 2*j = j, -3*d - 2*j = -7. Let a be (-2 + 0/d)/1. Let g(t) = 6*t**2 - t + 4. Let b(i) = i**2 - i + 1. Let x(m) = -4*b(m) + g(m). What is x(a)?
2
Let s(b) = -b - 2. Let i(p) = -p**2 - 9*p - 3. Let t be i(-9). What is s(t)?
1
Let t(c) = 4 + 7*c + 1 + 1 + 5*c**2 - 4*c**2. What is t(-5)?
-4
Let n = -64 + 62. Let d(v) = v**2 + 2*v + 2. Let y(x) be the second derivative of -x**3/6 - x**2/2 - x. Let m(s) = d(s) + 5*y(s). Determine m(n).
7
Let l(k) be the second derivative of -k**5/20 - 7*k**4/12 - k**3 + 2*k**2 - 10*k. Determine l(-6).
4
Let t(k) = -4*k**2 - 2*k + 1. Let r be t(1). Let y(w) = w**3 + 5*w**2 - 2*w - 3. Calculate y(r).
7
Let f(n) = 0 - 2 - 2*n**2 + 6*n**3 - 5*n**3 + 3*n - 2*n**3. Calculate f(2).
-12
Let i(h) = -h**3 + 3*h**2 + 3*h + 5. Let c(b) be the second derivative of 0*b**2 + 0 - 2/3*b**3 - 2*b. Let x be c(-1). Determine i(x).
1
Suppose 9 = -4*h + h. Let y(f) be the second derivative of -f**4/12 - 5*f**3/6 - 2*f**2 - 17*f. Determine y(h).
2
Let i(s) be the second derivative of s**5/20 - s**3/6 - s**2 - 3*s. Determine i(2).
4
Let a(d) = 4*d**2 + 10*d - 7. Let s(x) = -3*x**2 - 9*x + 6. Let b(u) = 4*a(u) + 5*s(u). Suppose -3*c + 3 = -3*w, 3 = -w + 2*c - 2. Calculate b(w).
-4
Let h(u) = 3*u**3 - u**2 + u - 1. Let f(t) = 2*t + 6. Let o be f(6). Suppose 0 = -3*j - 5*s + o, -s + 5 = -j + s. Determine h(j).
2
Let w(c) = 4 + 0*c - c**3 - 3*c**2 - c - 5 + 2*c. Give w(-2).
-7
Let x(t) = t - 5. Let u = 0 + 5. Suppose -3*f + y - 51 = -19, -f = -u*y + 20. Let r = 14 + f. Determine x(r).
-1
Let k(d) = 5*d**2 + 3. Let f(u) = -u**2. Let r(g) = 6*f(g) + k(g). Give r(-3).
-6
Let o = -10 + 12. Let v(u) be the first derivative of -1/2*u**2 - o - 5*u. Give v(-4).
-1
Let n(h) be the first derivative of h**2/2 - 7. Let f be 5*(-2 - -1) - 0. Determine n(f).
-5
Let k(u) = 3*u - 2. Suppose 30*d - 34*d + 12 = 0. What is k(d)?
7
Let o(g) = 2*g - 12. Let v be o(8). Suppose -1 - 7 = v*i. Let c be 0 + -2 + 7 + i. Let m(n) = n**2 - 3*n + 3. Determine m(c).
3
Let t(c) = c + 2. Let s(j) = j - 7. Let n be s(6). What is t(n)?
1
Suppose 0 = v - 5, 4*v = 5*p + 3*v. Let f(h) = 6*h. Let l be f(p). Let z(x) = -3*x + 2*x - 3*x**2 + 4*x**2 + l. Determine z(0).
6
Let a be 2/(-2*1)*-5. Suppose 8 = -w + a*w. Let v(n) = -n**2 + 9*n + 3. Let p(i) = -4*i - 1. Let j(l) = 5*p(l) + 2*v(l). What is j(w)?
-11
Let d(t) = 0*t - 2*t + t. Suppose -8*f + 2 = 10. Give d(f).
1
Let j(f) = 7*f**3. Let i(y) = -y**3 - y**2. Let k(o) = 6*i(o) + j(o). Give k(6).
0
Let t = -5 - -8. Let a(p) = 1 + t*p - p**3 + 0*p - p**2 - p - 2*p**2. Determine a(-3).
-5
Let d = 12 + -18. Let l = d + 4. Let f be ((-10)/2)/(2/l). Let x(j) = -j**2 + 5*j + 6. What is x(f)?
6
Let j(b) = -2*b - 6. Suppose 3*q = 3, -a = -0*a + q - 4. Let o(v) = 3*v + 12. Let g(m) = a*o(m) + 5*j(m). Give g(3).
3
Let j(g) = g**3 - 4*g**2 - 5*g + 2. Let z = 42 - 37. What is j(z)?
2
Let a(m) = -m - 3. Let n be a(-6). Suppose 2*u + 8 = 0, 2*k - n*u = -0*k + 20. Let i(s) = -k - s**2 + 1 + 3. Determine i(-2).
-4
Let x(l) = -12*l - 5.